{"id":66,"date":"2021-10-04T18:50:44","date_gmt":"2021-10-04T18:50:44","guid":{"rendered":"http:\/\/jvgmac.local\/?page_id=66"},"modified":"2022-12-28T10:04:30","modified_gmt":"2022-12-28T08:04:30","slug":"par-skolu","status":"publish","type":"page","link":"https:\/\/jvg.lv\/new\/?page_id=66","title":{"rendered":"PAR SKOLU"},"content":{"rendered":"\n<figure class=\"wp-block-image aligncenter size-full is-resized\"><img loading=\"lazy\" decoding=\"async\" src=\"http:\/\/jvgmac.local\/wp-content\/uploads\/2021\/10\/cropped-JVG_LOGO_ZILS_OUT.jpg\" alt=\"\" class=\"wp-image-217\" width=\"203\" height=\"203\" srcset=\"https:\/\/jvg.lv\/new\/wp-content\/uploads\/2021\/10\/cropped-JVG_LOGO_ZILS_OUT.jpg 512w, https:\/\/jvg.lv\/new\/wp-content\/uploads\/2021\/10\/cropped-JVG_LOGO_ZILS_OUT-300x300.jpg 300w, https:\/\/jvg.lv\/new\/wp-content\/uploads\/2021\/10\/cropped-JVG_LOGO_ZILS_OUT-150x150.jpg 150w, https:\/\/jvg.lv\/new\/wp-content\/uploads\/2021\/10\/cropped-JVG_LOGO_ZILS_OUT-270x270.jpg 270w, https:\/\/jvg.lv\/new\/wp-content\/uploads\/2021\/10\/cropped-JVG_LOGO_ZILS_OUT-192x192.jpg 192w, https:\/\/jvg.lv\/new\/wp-content\/uploads\/2021\/10\/cropped-JVG_LOGO_ZILS_OUT-180x180.jpg 180w, https:\/\/jvg.lv\/new\/wp-content\/uploads\/2021\/10\/cropped-JVG_LOGO_ZILS_OUT-32x32.jpg 32w\" sizes=\"auto, (max-width: 203px) 100vw, 203px\" \/><\/figure>\n\n\n\n<h4 class=\"has-text-align-center wp-block-heading\">J\u016brmalas Valsts \u0123imn\u0101zijas himna<\/h4>\n\n\n\n<p class=\"has-text-align-center\">M\u0113s kaut kas augst\u0101ks par z\u0101li<br>K\u0101 za\u013ca dz\u012bv\u012bbas dvesma.<br>M\u0113s kaut kas zem\u0101ks par dieviem,<br>Un tom\u0113r t\u0101di m\u0113s esam.<\/p>\n\n\n\n<p class=\"has-text-align-center\">Piedz: 2x<br>Jo m\u0113s n\u0101kam no J\u016brmalas,<br>J\u016brmal\u2019s Valsts \u0123imn\u0101zijas.<\/p>\n\n\n\n<p class=\"has-text-align-center\">M\u0113s kaut kas starp sauli un j\u016bru,<br>M\u0113s dz\u0113rves, pa purviem kas brad\u0101,<br>M\u0113s br\u012bvi k\u0101 debes\u012bs putni,<br>Kas atlido vienreiz tik gad\u0101.<\/p>\n\n\n\n<p class=\"has-text-align-center\">Piedz: 2x<br>Jo m\u0113s n\u0101kam no J\u016brmalas,<br>J\u016brmal\u2019s Valsts \u0123imn\u0101zijas.<\/p>\n\n\n\n<p>(Andas Zar\u0101nes m\u016bzika, Maijas Strazdi\u0146as v\u0101rdi)<\/p>\n\n\n\n<p>Noklaus\u012bties himnu var <strong><a href=\"https:\/\/jvg.lv\/new\/wp-content\/uploads\/2022\/12\/JVG_izgaismota.jpg\">\u0161eit<\/a><\/strong><\/p>\n","protected":false},"excerpt":{"rendered":"<p>J\u016brmalas Valsts \u0123imn\u0101zijas himna M\u0113s kaut kas augst\u0101ks par z\u0101liK\u0101 za\u013ca dz\u012bv\u012bbas dvesma.M\u0113s kaut kas zem\u0101ks par dieviem,Un tom\u0113r t\u0101di [&hellip;]<\/p>\n","protected":false},"author":1,"featured_media":0,"parent":0,"menu_order":0,"comment_status":"closed","ping_status":"closed","template":"","meta":{"ngg_post_thumbnail":0,"footnotes":""},"class_list":["post-66","page","type-page","status-publish","hentry"],"_links":{"self":[{"href":"https:\/\/jvg.lv\/new\/index.php?rest_route=\/wp\/v2\/pages\/66","targetHints":{"allow":["GET"]}}],"collection":[{"href":"https:\/\/jvg.lv\/new\/index.php?rest_route=\/wp\/v2\/pages"}],"about":[{"href":"https:\/\/jvg.lv\/new\/index.php?rest_route=\/wp\/v2\/types\/page"}],"author":[{"embeddable":true,"href":"https:\/\/jvg.lv\/new\/index.php?rest_route=\/wp\/v2\/users\/1"}],"replies":[{"embeddable":true,"href":"https:\/\/jvg.lv\/new\/index.php?rest_route=%2Fwp%2Fv2%2Fcomments&post=66"}],"version-history":[{"count":15,"href":"https:\/\/jvg.lv\/new\/index.php?rest_route=\/wp\/v2\/pages\/66\/revisions"}],"predecessor-version":[{"id":1484,"href":"https:\/\/jvg.lv\/new\/index.php?rest_route=\/wp\/v2\/pages\/66\/revisions\/1484"}],"wp:attachment":[{"href":"https:\/\/jvg.lv\/new\/index.php?rest_route=%2Fwp%2Fv2%2Fmedia&parent=66"}],"curies":[{"name":"wp","href":"https:\/\/api.w.org\/{rel}","templated":true}]}}