{"id":647,"date":"2022-07-31T19:20:22","date_gmt":"2022-07-31T19:20:22","guid":{"rendered":"http:\/\/jvgmac.local\/?page_id=647"},"modified":"2023-08-22T16:40:02","modified_gmt":"2023-08-22T13:40:02","slug":"aktualitates-2","status":"publish","type":"page","link":"https:\/\/jvg.lv\/new\/?page_id=647","title":{"rendered":"TURAM BURU JEB AKTU\u0100LAIS"},"content":{"rendered":"\n<p>J\u016brmalas Valsts \u0123imn\u0101zija ir trad\u012bcij\u0101m bag\u0101ta skola, kas, saglab\u0101jot v\u0113rt\u012bbas, cienot v\u0113sturi un pag\u0101tni, piedz\u012bvo v\u0113rien\u012bgu p\u0101rmai\u0146u un izaicin\u0101jumu laiku \u2013 \u0113kas renov\u0101cija, skolu apvieno\u0161ana, izmai\u0146as skolot\u0101ju kolekt\u012bv\u0101 un vad\u012bbas komand\u0101 un daudz citu notikumu, kurus visi&nbsp; &#8211; skol\u0113ni, skolot\u0101ji, vec\u0101ki \u2013 piedz\u012bvojam kop\u0101.<\/p>\n\n\n\n<p>2023. gada 1. septembr\u012b J\u016brmalas Valsts \u0123imn\u0101zijas \u0113ka Rai\u0146a iel\u0101 55 atkal v\u0113ra savas durvis p\u0113c renov\u0101cijas. <\/p>\n\n\n\n<p>\u0160aj\u0101 \u0113k\u0101 m\u0101c\u0101s 5. \u2013 12. kla\u0161u skol\u0113ni, savuk\u0101rt 1. \u2013 4. klases zin\u012bbas apg\u016bt \u0123imn\u0101zijas s\u0101kumskolas \u0113k\u0101, Skolas iel\u0101 3.&nbsp;<\/p>\n\n\n\n<p>Tas ir jauns s\u0101kums un jaunas iesp\u0113jas apliecin\u0101t \u0123imn\u0101zijas dev\u012bzes \u201cAr v\u0113rt\u012bgo \u2013 pasaulei!\u201d v\u0113st\u012bjumu.<\/p>\n\n\n\n<p>2021. gad\u0101 tapis ar\u012b jauns \u0123imn\u0101zijas logo, kas nu iedz\u012bvin\u0101ts karog\u0101 un vimpel\u012b.<\/p>\n\n\n\n<p><strong>Vair\u0101k mekl\u0113 <a href=\"http:\/\/jvg.lv\/new\/?page_id=649\">\u0161eit<\/a><\/strong><\/p>\n\n\n\n<hr class=\"wp-block-separator has-alpha-channel-opacity\"\/>\n\n\n\n<p><strong>Inform\u0101cija vec\u0101kiem par prognoz\u0113jamajiem individu\u0101lajiem m\u0101c\u012bbu piederumiem<\/strong> <a href=\"https:\/\/jvg.lv\/new\/wp-content\/uploads\/2023\/08\/mac_mat_JVG_23.pdf\">\u0161eit<\/a><\/p>\n\n\n\n<hr class=\"wp-block-separator has-alpha-channel-opacity\"\/>\n\n\n\n<figure class=\"wp-block-image aligncenter size-large\"><a href=\"https:\/\/jvg.lv\/new\/wp-content\/uploads\/2023\/02\/mums_svarigais-scaled.jpg\"><img loading=\"lazy\" decoding=\"async\" width=\"410\" height=\"1024\" src=\"https:\/\/jvg.lv\/new\/wp-content\/uploads\/2023\/02\/mums_svarigais-410x1024.jpg\" alt=\"\" class=\"wp-image-1945\" srcset=\"https:\/\/jvg.lv\/new\/wp-content\/uploads\/2023\/02\/mums_svarigais-410x1024.jpg 410w, https:\/\/jvg.lv\/new\/wp-content\/uploads\/2023\/02\/mums_svarigais-120x300.jpg 120w, https:\/\/jvg.lv\/new\/wp-content\/uploads\/2023\/02\/mums_svarigais-768x1920.jpg 768w, https:\/\/jvg.lv\/new\/wp-content\/uploads\/2023\/02\/mums_svarigais-819x2048.jpg 819w, https:\/\/jvg.lv\/new\/wp-content\/uploads\/2023\/02\/mums_svarigais-scaled.jpg 1024w\" sizes=\"auto, (max-width: 410px) 100vw, 410px\" \/><\/a><\/figure>\n","protected":false},"excerpt":{"rendered":"<p>J\u016brmalas Valsts \u0123imn\u0101zija ir trad\u012bcij\u0101m bag\u0101ta skola, kas, saglab\u0101jot v\u0113rt\u012bbas, cienot v\u0113sturi un pag\u0101tni, piedz\u012bvo v\u0113rien\u012bgu p\u0101rmai\u0146u un izaicin\u0101jumu laiku [&hellip;]<\/p>\n","protected":false},"author":1,"featured_media":0,"parent":0,"menu_order":0,"comment_status":"closed","ping_status":"closed","template":"","meta":{"ngg_post_thumbnail":0,"footnotes":""},"class_list":["post-647","page","type-page","status-publish","hentry"],"_links":{"self":[{"href":"https:\/\/jvg.lv\/new\/index.php?rest_route=\/wp\/v2\/pages\/647","targetHints":{"allow":["GET"]}}],"collection":[{"href":"https:\/\/jvg.lv\/new\/index.php?rest_route=\/wp\/v2\/pages"}],"about":[{"href":"https:\/\/jvg.lv\/new\/index.php?rest_route=\/wp\/v2\/types\/page"}],"author":[{"embeddable":true,"href":"https:\/\/jvg.lv\/new\/index.php?rest_route=\/wp\/v2\/users\/1"}],"replies":[{"embeddable":true,"href":"https:\/\/jvg.lv\/new\/index.php?rest_route=%2Fwp%2Fv2%2Fcomments&post=647"}],"version-history":[{"count":18,"href":"https:\/\/jvg.lv\/new\/index.php?rest_route=\/wp\/v2\/pages\/647\/revisions"}],"predecessor-version":[{"id":2485,"href":"https:\/\/jvg.lv\/new\/index.php?rest_route=\/wp\/v2\/pages\/647\/revisions\/2485"}],"wp:attachment":[{"href":"https:\/\/jvg.lv\/new\/index.php?rest_route=%2Fwp%2Fv2%2Fmedia&parent=647"}],"curies":[{"name":"wp","href":"https:\/\/api.w.org\/{rel}","templated":true}]}}