{"id":379,"date":"2021-10-11T17:45:05","date_gmt":"2021-10-11T17:45:05","guid":{"rendered":"http:\/\/jvgmac.local\/?page_id=379"},"modified":"2025-01-21T15:18:23","modified_gmt":"2025-01-21T13:18:23","slug":"skolenu-pasparvalde","status":"publish","type":"page","link":"https:\/\/jvg.lv\/new\/?page_id=379","title":{"rendered":"Skol\u0113nu pa\u0161p\u0101rvalde"},"content":{"rendered":"\n<figure class=\"wp-block-pullquote\"><blockquote><p>J\u016brmalas Valsts \u0123imn\u0101zijas skol\u0113nu pa\u0161p\u0101rvalde daudzu gadu laik\u0101 izveidojusies k\u0101 akt\u012bvu, ener\u0123isku, kreat\u012bvu, atbild\u012bgu un talant\u012bgu jaunie\u0161u organiz\u0101cija, kura ie\u0146em noz\u012bm\u012bgu vietu skolas m\u0101c\u012bbu proces\u0101 un sabiedriskaj\u0101 dz\u012bv\u0113.<br>JV\u0122 skol\u0113nu pa\u0161p\u0101rvaldes m\u0113r\u0137us, uzdevumus un darb\u012bbas jomas nosaka pa\u0161p\u0101rvaldes Nolikums, ko apstiprina m\u0101c\u012bbu iest\u0101des direktors.<\/p><\/blockquote><\/figure>\n\n\n\n<p><strong>Skol\u0113nu pa\u0161p\u0101rvaldes darb\u012bbas galven\u0101s jomas:<\/strong><\/p>\n\n\n\n<ul class=\"wp-block-list\">\n<li>skol\u0113nu iesaiste skolas sabiedrisk\u0101s dz\u012bves organiz\u0113\u0161an\u0101,<\/li>\n\n\n\n<li>daudzpus\u012bgu pas\u0101kumu inici\u0113\u0161ana, veido\u0161ana, organiz\u0113\u0161ana, vad\u012b\u0161ana,<\/li>\n\n\n\n<li>iesaist\u012b\u0161an\u0101s Jaunatnes starptautisko projektu a\u0123ent\u016bras (JSPA) r\u012bkotajos projektos, to realiz\u0113\u0161ana,<\/li>\n\n\n\n<li>sadarb\u012bba ar nevalstiskaj\u0101m organiz\u0101cij\u0101m (J\u016brmalas Jaunie\u0161u iniciat\u012bvu centrs),<\/li>\n\n\n\n<li>m\u0113r\u0137tiec\u012bgi virz\u012btas sadarb\u012bbas nodro\u0161in\u0101\u0161ana <em>skol\u0113ni \u2013 skolot\u0101ji \u2013 \u0123imn\u0101zijas administr\u0101cija,<\/em><\/li>\n\n\n\n<li>atgriezenisk\u0101s saites nodo\u0161ana, dialoga veido\u0161ana (skol\u0113ni \u2013 \u0123imn\u0101zijas administr\u0101cija),<\/li>\n\n\n\n<li>iesaist\u012b\u0161an\u0101s skolas vides un labv\u0113l\u012bga mikroklimata veido\u0161an\u0101,<\/li>\n\n\n\n<li>skolas t\u0113la veido\u0161ana, soci\u0101lo t\u012bklu uztur\u0113\u0161ana, lojalit\u0101te,<\/li>\n\n\n\n<li>inform\u0101cijas nodo\u0161ana, apmai\u0146a,<\/li>\n\n\n\n<li>br\u012bvpr\u0101t\u012bgais darbs.<\/li>\n<\/ul>\n\n\n\n<hr class=\"wp-block-separator has-alpha-channel-opacity is-style-default\"\/>\n\n\n\n<h4 class=\"wp-block-heading\"><strong>JV\u0122 skol\u0113nu pa\u0161p\u0101rvaldes dal\u012bbnieki 2024.\/2025. m\u0101c\u012bbu gad\u0101<\/strong><\/h4>\n\n\n\n<p>18. decembr\u012b J\u016brmalas Valsts \u0123imn\u0101zijas pas\u0101kum\u0101 <em>Gada balva 2024<\/em> tika pazi\u0146ots jaunais skol\u0113nu pa\u0161p\u0101rvaldes prezidents.<\/p>\n\n\n\n<p class=\"has-medium-font-size\"><strong>2024.\/20525. m. g. 2. semestr\u012b darbu uzs\u0101k jaun\u0101 skol\u0113nu pa\u0161p\u0101rvalde<\/strong><\/p>\n\n\n\n<div class=\"wp-block-columns are-vertically-aligned-center is-layout-flex wp-container-core-columns-is-layout-9d6595d7 wp-block-columns-is-layout-flex\">\n<div class=\"wp-block-column is-vertically-aligned-center is-layout-flow wp-block-column-is-layout-flow\">\n<figure class=\"wp-block-image size-large\"><a href=\"https:\/\/jvg.lv\/new\/wp-content\/uploads\/2025\/01\/pasparvalde.jpeg\"><img loading=\"lazy\" decoding=\"async\" width=\"1024\" height=\"683\" src=\"https:\/\/jvg.lv\/new\/wp-content\/uploads\/2025\/01\/pasparvalde-1024x683.jpeg\" alt=\"\" class=\"wp-image-3989\" srcset=\"https:\/\/jvg.lv\/new\/wp-content\/uploads\/2025\/01\/pasparvalde-1024x683.jpeg 1024w, https:\/\/jvg.lv\/new\/wp-content\/uploads\/2025\/01\/pasparvalde-300x200.jpeg 300w, https:\/\/jvg.lv\/new\/wp-content\/uploads\/2025\/01\/pasparvalde-768x512.jpeg 768w, https:\/\/jvg.lv\/new\/wp-content\/uploads\/2025\/01\/pasparvalde-600x400.jpeg 600w, https:\/\/jvg.lv\/new\/wp-content\/uploads\/2025\/01\/pasparvalde.jpeg 1500w\" sizes=\"auto, (max-width: 1024px) 100vw, 1024px\" \/><\/a><\/figure>\n<\/div>\n\n\n\n<div class=\"wp-block-column is-vertically-aligned-center is-layout-flow wp-block-column-is-layout-flow\">\n<p><strong>Pa\u0161p\u0101rvaldes prezidente<\/strong><br>Viktorija Daukste 11.1 klase<\/p>\n\n\n\n<p><strong>Pa\u0161p\u0101rvaldes prezidenta komanda:<\/strong><br>Gabriela Kerija Glandere 11.1 klase \u2013 vietniece, finan\u0161u joma<br>Elza K\u0101rkla 11.1 klase \u2013 kult\u016bras joma\u00a0\u00a0\u00a0\u00a0\u00a0\u00a0\u00a0\u00a0\u00a0\u00a0\u00a0<br>L\u012bva Laumane 11.1 klase &#8211; kult\u016bras joma<br>Annija Pla\u010dinda 11.1 klase \u2013soci\u0101lo mediju joma<br>P\u0113teris Taranda 11.1 klase \u2013 \u0101rlietu joma<br>Sonora Gail\u012bte 11.2 klase \u2013 \u0101rlietu joma<br>L\u012bna Grasmane 11.2 klase &#8211; soci\u0101lo mediju joma<br>R\u016bta Reinika 10.1 klase &#8211; kult\u016bras joma<br>Sidnijs Liepa 10.1 klase \u2013 sporta joma<br>Elza Buraka 10.2 klase &#8211; soci\u0101lo mediju joma<br>Alise Keisele 10.3 klase &#8211; kult\u016bras joma<br>Ernests Treimanis \u2013 Freimanis 10.3 klase \u2013 sporta joma<br>Tomass R\u0101mulis 10.3 klase \u2013 finan\u0161u joma<br>\u0112riks Birznieks 10.3 klase \u2013 saimniec\u012bbas joma<br>Just\u012bne L\u012bde 9.b klase \u2013 vizu\u0101lais noform\u0113jums<br>Henrijs Boss 9.b klase \u2013 audio \/ video tehni\u0137is<\/p>\n<\/div>\n<\/div>\n\n\n\n<p class=\"has-medium-font-size\"><strong><a href=\"https:\/\/jvg.lv\/new\/wp-content\/uploads\/2023\/01\/pasparvalde_I_sem.pdf\">JV\u0122 skol\u0113nu pa\u0161p\u0101rvaldes dal\u012bbnieki 2022.\/2023. m\u0101c\u012bbu gadu uzs\u0101kot<\/a><\/strong><\/p>\n\n\n\n<p class=\"has-medium-font-size\"><a href=\"https:\/\/jvg.lv\/new\/?p=1895\"><strong>Pa\u0161p\u0101rvaldes salied\u0113\u0161anas pas\u0101kums Talsos<\/strong><\/a><\/p>\n\n\n\n<p>JV\u0122 skol\u0113nu pa\u0161p\u0101rvaldes konsultante \u2013 And\u017eela \u0160usti\u0146a, direktora vietniece audzin\u0101\u0161anas jom\u0101.<\/p>\n\n\n\n<p><\/p>\n","protected":false},"excerpt":{"rendered":"<p>J\u016brmalas Valsts \u0123imn\u0101zijas skol\u0113nu pa\u0161p\u0101rvalde daudzu gadu laik\u0101 izveidojusies k\u0101 akt\u012bvu, ener\u0123isku, kreat\u012bvu, atbild\u012bgu un talant\u012bgu jaunie\u0161u organiz\u0101cija, kura ie\u0146em [&hellip;]<\/p>\n","protected":false},"author":1,"featured_media":0,"parent":66,"menu_order":0,"comment_status":"closed","ping_status":"closed","template":"","meta":{"ngg_post_thumbnail":0,"footnotes":""},"class_list":["post-379","page","type-page","status-publish","hentry"],"_links":{"self":[{"href":"https:\/\/jvg.lv\/new\/index.php?rest_route=\/wp\/v2\/pages\/379","targetHints":{"allow":["GET"]}}],"collection":[{"href":"https:\/\/jvg.lv\/new\/index.php?rest_route=\/wp\/v2\/pages"}],"about":[{"href":"https:\/\/jvg.lv\/new\/index.php?rest_route=\/wp\/v2\/types\/page"}],"author":[{"embeddable":true,"href":"https:\/\/jvg.lv\/new\/index.php?rest_route=\/wp\/v2\/users\/1"}],"replies":[{"embeddable":true,"href":"https:\/\/jvg.lv\/new\/index.php?rest_route=%2Fwp%2Fv2%2Fcomments&post=379"}],"version-history":[{"count":31,"href":"https:\/\/jvg.lv\/new\/index.php?rest_route=\/wp\/v2\/pages\/379\/revisions"}],"predecessor-version":[{"id":4003,"href":"https:\/\/jvg.lv\/new\/index.php?rest_route=\/wp\/v2\/pages\/379\/revisions\/4003"}],"up":[{"embeddable":true,"href":"https:\/\/jvg.lv\/new\/index.php?rest_route=\/wp\/v2\/pages\/66"}],"wp:attachment":[{"href":"https:\/\/jvg.lv\/new\/index.php?rest_route=%2Fwp%2Fv2%2Fmedia&parent=379"}],"curies":[{"name":"wp","href":"https:\/\/api.w.org\/{rel}","templated":true}]}}

Skolēnu pašpārvalde

<figure class="wp-block-pullquote"><blockquote><p>Jūrmalas Valsts ģimnāzijas skolēnu pašpārvalde daudzu gadu laikā izveidojusies kā aktīvu, enerģisku, kreatīvu, atbildīgu un talantīgu jauniešu organizācija, kura ieņem nozīmīgu vietu skolas mācību procesā un sabiedriskajā dzīvē.<br>JVĢ skolēnu pašpārvaldes mērķus, uzdevumus un darbības jomas nosaka pašpārvaldes Nolikums, ko apstiprina mācību iestādes direktors.</p></blockquote></figure>



<p><strong>Skolēnu pašpārvaldes darbības galvenās jomas:</strong></p>



<ul class="wp-block-list">
<li>skolēnu iesaiste skolas sabiedriskās dzīves organizēšanā,</li>



<li>daudzpusīgu pasākumu iniciēšana, veidošana, organizēšana, vadīšana,</li>



<li>iesaistīšanās Jaunatnes starptautisko projektu aģentūras (JSPA) rīkotajos projektos, to realizēšana,</li>



<li>sadarbība ar nevalstiskajām organizācijām (Jūrmalas Jauniešu iniciatīvu centrs),</li>



<li>mērķtiecīgi virzītas sadarbības nodrošināšana <em>skolēni – skolotāji – ģimnāzijas administrācija,</em></li>



<li>atgriezeniskās saites nodošana, dialoga veidošana (skolēni – ģimnāzijas administrācija),</li>



<li>iesaistīšanās skolas vides un labvēlīga mikroklimata veidošanā,</li>



<li>skolas tēla veidošana, sociālo tīklu uzturēšana, lojalitāte,</li>



<li>informācijas nodošana, apmaiņa,</li>



<li>brīvprātīgais darbs.</li>
</ul>



<hr class="wp-block-separator has-alpha-channel-opacity is-style-default"/>



<h4 class="wp-block-heading"><strong>JVĢ skolēnu pašpārvaldes dalībnieki 2024./2025. mācību gadā</strong></h4>



<p>18. decembrī Jūrmalas Valsts ģimnāzijas pasākumā <em>Gada balva 2024</em> tika paziņots jaunais skolēnu pašpārvaldes prezidents.</p>



<p class="has-medium-font-size"><strong>2024./20525. m. g. 2. semestrī darbu uzsāk jaunā skolēnu pašpārvalde</strong></p>



<div class="wp-block-columns are-vertically-aligned-center is-layout-flex wp-container-core-columns-is-layout-9d6595d7 wp-block-columns-is-layout-flex">
<div class="wp-block-column is-vertically-aligned-center is-layout-flow wp-block-column-is-layout-flow">
<figure class="wp-block-image size-large"><a href="https://jvg.lv/new/wp-content/uploads/2025/01/pasparvalde.jpeg"><img loading="lazy" decoding="async" width="1024" height="683" src="https://jvg.lv/new/wp-content/uploads/2025/01/pasparvalde-1024x683.jpeg" alt="" class="wp-image-3989" srcset="https://jvg.lv/new/wp-content/uploads/2025/01/pasparvalde-1024x683.jpeg 1024w, https://jvg.lv/new/wp-content/uploads/2025/01/pasparvalde-300x200.jpeg 300w, https://jvg.lv/new/wp-content/uploads/2025/01/pasparvalde-768x512.jpeg 768w, https://jvg.lv/new/wp-content/uploads/2025/01/pasparvalde-600x400.jpeg 600w, https://jvg.lv/new/wp-content/uploads/2025/01/pasparvalde.jpeg 1500w" sizes="auto, (max-width: 1024px) 100vw, 1024px" /></a></figure>
</div>



<div class="wp-block-column is-vertically-aligned-center is-layout-flow wp-block-column-is-layout-flow">
<p><strong>Pašpārvaldes prezidente</strong><br>Viktorija Daukste 11.1 klase</p>



<p><strong>Pašpārvaldes prezidenta komanda:</strong><br>Gabriela Kerija Glandere 11.1 klase – vietniece, finanšu joma<br>Elza Kārkla 11.1 klase – kultūras joma           <br>Līva Laumane 11.1 klase &#8211; kultūras joma<br>Annija Plačinda 11.1 klase –sociālo mediju joma<br>Pēteris Taranda 11.1 klase – ārlietu joma<br>Sonora Gailīte 11.2 klase – ārlietu joma<br>Līna Grasmane 11.2 klase &#8211; sociālo mediju joma<br>Rūta Reinika 10.1 klase &#8211; kultūras joma<br>Sidnijs Liepa 10.1 klase – sporta joma<br>Elza Buraka 10.2 klase &#8211; sociālo mediju joma<br>Alise Keisele 10.3 klase &#8211; kultūras joma<br>Ernests Treimanis – Freimanis 10.3 klase – sporta joma<br>Tomass Rāmulis 10.3 klase – finanšu joma<br>Ēriks Birznieks 10.3 klase – saimniecības joma<br>Justīne Līde 9.b klase – vizuālais noformējums<br>Henrijs Boss 9.b klase – audio / video tehniķis</p>
</div>
</div>



<p class="has-medium-font-size"><strong><a href="https://jvg.lv/new/wp-content/uploads/2023/01/pasparvalde_I_sem.pdf">JVĢ skolēnu pašpārvaldes dalībnieki 2022./2023. mācību gadu uzsākot</a></strong></p>



<p class="has-medium-font-size"><a href="https://jvg.lv/new/?p=1895"><strong>Pašpārvaldes saliedēšanas pasākums Talsos</strong></a></p>



<p>JVĢ skolēnu pašpārvaldes konsultante – Andžela Šustiņa, direktora vietniece audzināšanas jomā.</p>



<p></p>

<p>Jūrmalas Valsts ģimnāzijas skolēnu pašpārvalde daudzu gadu laikā izveidojusies kā aktīvu, enerģisku, kreatīvu, atbildīgu un talantīgu jauniešu organizācija, kura ieņem [&hellip;]</p>
