{"id":1850,"date":"2023-02-10T11:55:32","date_gmt":"2023-02-10T09:55:32","guid":{"rendered":"https:\/\/jvg.lv\/new\/?page_id=1850"},"modified":"2024-09-16T17:21:20","modified_gmt":"2024-09-16T14:21:20","slug":"izvelu-grozi","status":"publish","type":"page","link":"https:\/\/jvg.lv\/new\/?page_id=1850","title":{"rendered":"Izv\u0113\u013cu grozi"},"content":{"rendered":"\n<figure class=\"wp-block-image aligncenter size-large is-resized\"><a href=\"https:\/\/jvg.lv\/new\/wp-content\/uploads\/2023\/02\/jvg_grozi-scaled.jpg\"><img loading=\"lazy\" decoding=\"async\" width=\"724\" height=\"1024\" src=\"https:\/\/jvg.lv\/new\/wp-content\/uploads\/2023\/02\/jvg_grozi-724x1024.jpg\" alt=\"\" class=\"wp-image-1851\" srcset=\"https:\/\/jvg.lv\/new\/wp-content\/uploads\/2023\/02\/jvg_grozi-724x1024.jpg 724w, https:\/\/jvg.lv\/new\/wp-content\/uploads\/2023\/02\/jvg_grozi-212x300.jpg 212w, https:\/\/jvg.lv\/new\/wp-content\/uploads\/2023\/02\/jvg_grozi-768x1086.jpg 768w, https:\/\/jvg.lv\/new\/wp-content\/uploads\/2023\/02\/jvg_grozi-1086x1536.jpg 1086w, https:\/\/jvg.lv\/new\/wp-content\/uploads\/2023\/02\/jvg_grozi-1448x2048.jpg 1448w, https:\/\/jvg.lv\/new\/wp-content\/uploads\/2023\/02\/jvg_grozi-scaled.jpg 1810w\" sizes=\"auto, (max-width: 724px) 100vw, 724px\" \/><\/a><\/figure>\n\n\n\n<h4 class=\"wp-block-heading\">M\u0101c\u012bbu stundu pl\u0101ni &#8211; tiek \u012bstenoti no 2024. gada 1. septembra<\/h4>\n\n\n\n<ul class=\"wp-block-list\">\n<li><a href=\"https:\/\/jvg.lv\/new\/wp-content\/uploads\/2024\/09\/Fizika_2024.pdf\">Fizika un in\u017eenierzin\u0101tnes<\/a><\/li>\n\n\n\n<li><a href=\"https:\/\/jvg.lv\/new\/wp-content\/uploads\/2024\/09\/Juristi_2024.pdf\">Jurisprudence, politika un soci\u0101l\u0101s zin\u0101tnes<\/a><\/li>\n\n\n\n<li><a href=\"https:\/\/jvg.lv\/new\/wp-content\/uploads\/2024\/09\/Kultura_2024.pdf\">Kult\u016bra un multimediji<\/a><\/li>\n\n\n\n<li><a href=\"https:\/\/jvg.lv\/new\/wp-content\/uploads\/2024\/09\/Medicina_2024.pdf\">Medic\u012bna, veterin\u0101rija un dabaszin\u0101tnes<\/a><\/li>\n<\/ul>\n\n\n\n<h4 class=\"wp-block-heading\">M\u0101c\u012bbu stundu pl\u0101ni &#8211; tiek \u012bstenoti no 2023. gada 1. septembra<\/h4>\n\n\n\n<ul class=\"wp-block-list\">\n<li><a href=\"https:\/\/jvg.lv\/new\/wp-content\/uploads\/2023\/10\/Fizika_23.pdf\">Fizika un in\u017eenierzin\u0101tnes<\/a><\/li>\n\n\n\n<li><a href=\"https:\/\/jvg.lv\/new\/wp-content\/uploads\/2023\/10\/Juristi_23.pdf\">Jurisprudence, politika un soci\u0101l\u0101s zin\u0101tnes<\/a><\/li>\n\n\n\n<li><a href=\"https:\/\/jvg.lv\/new\/wp-content\/uploads\/2023\/10\/Kultura_23.pdf\">Kult\u016bra un multimediji<\/a><\/li>\n\n\n\n<li><a href=\"https:\/\/jvg.lv\/new\/wp-content\/uploads\/2023\/10\/Medicina_23.pdf\" data-type=\"link\" data-id=\"https:\/\/jvg.lv\/new\/wp-content\/uploads\/2023\/10\/Medicina_23.pdf\">Medic\u012bna, veterin\u0101rija un dabaszin\u0101tnes<\/a><\/li>\n<\/ul>\n\n\n\n<h4 class=\"wp-block-heading\">M\u0101c\u012bbu stundu pl\u0101ni<\/h4>\n\n\n\n<ul class=\"wp-block-list\">\n<li><a href=\"https:\/\/jvg.lv\/new\/wp-content\/uploads\/2023\/02\/inzenierzin_fiz.pdf\">In\u017eenierzin\u0101tnes, fizika<\/a><\/li>\n\n\n\n<li><a href=\"https:\/\/jvg.lv\/new\/wp-content\/uploads\/2023\/02\/polit_soc_zin.pdf\" data-type=\"URL\" data-id=\"https:\/\/jvg.lv\/new\/wp-content\/uploads\/2023\/02\/polit_soc_zin.pdf\">Jurisprudence, politika, soci\u0101l\u0101s zin\u0101tnes<\/a><\/li>\n\n\n\n<li><a href=\"https:\/\/jvg.lv\/new\/wp-content\/uploads\/2023\/02\/kultura_mediji.pdf\">Kult\u016bra, mediji, digit\u0101lais dizains<\/a><\/li>\n\n\n\n<li><a href=\"https:\/\/jvg.lv\/new\/wp-content\/uploads\/2023\/02\/medicina.pdf\">Medic\u012bna, veterin\u0101rija, farm\u0101cija, uzturzin\u0101tne<\/a><\/li>\n<\/ul>\n","protected":false},"excerpt":{"rendered":"<p>M\u0101c\u012bbu stundu pl\u0101ni &#8211; tiek \u012bstenoti no 2024. gada 1. septembra M\u0101c\u012bbu stundu pl\u0101ni &#8211; tiek \u012bstenoti no 2023. gada [&hellip;]<\/p>\n","protected":false},"author":2,"featured_media":0,"parent":67,"menu_order":0,"comment_status":"closed","ping_status":"closed","template":"","meta":{"ngg_post_thumbnail":0,"footnotes":""},"class_list":["post-1850","page","type-page","status-publish","hentry"],"_links":{"self":[{"href":"https:\/\/jvg.lv\/new\/index.php?rest_route=\/wp\/v2\/pages\/1850","targetHints":{"allow":["GET"]}}],"collection":[{"href":"https:\/\/jvg.lv\/new\/index.php?rest_route=\/wp\/v2\/pages"}],"about":[{"href":"https:\/\/jvg.lv\/new\/index.php?rest_route=\/wp\/v2\/types\/page"}],"author":[{"embeddable":true,"href":"https:\/\/jvg.lv\/new\/index.php?rest_route=\/wp\/v2\/users\/2"}],"replies":[{"embeddable":true,"href":"https:\/\/jvg.lv\/new\/index.php?rest_route=%2Fwp%2Fv2%2Fcomments&post=1850"}],"version-history":[{"count":24,"href":"https:\/\/jvg.lv\/new\/index.php?rest_route=\/wp\/v2\/pages\/1850\/revisions"}],"predecessor-version":[{"id":3651,"href":"https:\/\/jvg.lv\/new\/index.php?rest_route=\/wp\/v2\/pages\/1850\/revisions\/3651"}],"up":[{"embeddable":true,"href":"https:\/\/jvg.lv\/new\/index.php?rest_route=\/wp\/v2\/pages\/67"}],"wp:attachment":[{"href":"https:\/\/jvg.lv\/new\/index.php?rest_route=%2Fwp%2Fv2%2Fmedia&parent=1850"}],"curies":[{"name":"wp","href":"https:\/\/api.w.org\/{rel}","templated":true}]}}